he remainder when 21378206 is divided by 16?
14
What is the remainder when 28445235 is divided by 2875?
2860
Calculate the remainder when 15870034 is divided by 26.
24
Calculate the remainder when 6094860 is divided by 973.
961
Calculate the remainder when 2080654 is divided by 36.
34
What is the remainder when 302420 is divided by 9450?
20
Calculate the remainder when 271708 is divided by 871.
827
What is the remainder when 6129416 is divided by 13383?
2
Calculate the remainder when 4875 is divided by 3610.
1265
What is the remainder when 164720015 is divided by 5147500?
15
What is the remainder when 86360 is divided by 869?
329
Calculate the remainder when 187606 is divided by 644.
202
What is the remainder when 1776129 is divided by 419?
407
Calculate the remainder when 6199510 is divided by 23.
21
Calculate the remainder when 652962 is divided by 4291.
730
What is the remainder when 100358 is divided by 19973?
493
What is the remainder when 117086 is divided by 117022?
64
Calculate the remainder when 10490290 is divided by 433.
432
Calculate the remainder when 1381635 is divided by 125.
10
What is the remainder when 28920841 is divided by 997270?
11
What is the remainder when 17938148 is divided by 142?
140
Calculate the remainder when 35767 is divided by 4462.
71
What is the remainder when 86727 is divided by 1147?
702
Calculate the remainder when 83948137 is divided by 112.
105
Calculate the remainder when 19323 is divided by 3125.
573
Calculate the remainder when 4940428 is divided by 726.
724
What is the remainder when 41228618 is divided by 453061?
67
What is the remainder when 542088 is divided by 1390?
1378
Calculate the remainder when 15258825 is divided by 206.
199
Calculate the remainder when 7893468 is divided by 26.
24
What is the remainder when 169836 is divided by 33951?
81
What is the remainder when 622384 is divided by 3772?
4
What is the remainder when 28194076 is divided by 9398023?
7
What is the remainder when 117436 is divided by 387?
175
What is the remainder when 488336 is divided by 1041?
107
Calculate the remainder when 93629 is divided by 46572.
485
What is the remainder when 8650022 is divided by 32?
6
Calculate the remainder when 30114249 is divided by 10038054.
87
What is the remainder when 20191 is divided by 186?
103
What is the remainder when 132781 is divided by 251?
2
What is the remainder when 822053 is divided by 100?
53
What is the remainder when 1934342 is divided by 7?
4
Calculate the remainder when 116020693 is divided by 1134.
19
Calculate the remainder when 49781 is divided by 2087.
1780
What is the remainder when 355714 is divided by 355304?
410
Calculate the remainder when 388185 is divided by 1497.
462
Calculate the remainder when 4462485 is divided by 1640.
45
Calculate the remainder when 20534 is divided by 17745.
2789
Calculate the remainder when 2769242 is divided by 130.
112
Calculate the remainder when 2005175 is divided by 272.
263
What is the remainder when 7643088 is divided by 8483?
8388
Calculate the remainder when 13302 is divided by 2398.
1312
Calculate the remainder when 40401349 is divided by 64.
5
What is the remainder when 1958473 is divided by 11798?
5
What is the remainder when 2317649 is divided by 228?
29
Calculate the remainder when 221931 is divided by 1283.
1255
What is the remainder when 920620 is divided by 166?
150
Calculate the remainder when 1035428 is divided by 19.
4
What is the remainder when 23100773 is divided by 334?
331
What is the remainder when 622929 is divided by 3007?
480
Calculate the remainder when 924812 is divided by 1846.
1812
What is the remainder when 2112282 is divided by 907?
786
Calculate the remainder when 2726255 is divided by 2120.
2055
What is the remainder when 103351 is divided by 34399?
154
Calculate the remainder when 128410922 is divided by 412.
410
Calculate the remainder when 1505101 is divided by 289.
278
Calculate the remainder when 29404 is divided by 2272.
2140
What is the remainder when 26685 is divided by 26112?
573
What is the remainder when 725580292 is divided by 2725?
2717
Calculate the remainder when 360233 is divided by 360202.
31
What is the remainder when 20035705 is divided by 4007138?
15
Calculate the remainder when 2753680 is divided by 305940.
220
Calculate the remainder when 7361244 is divided by 334601.
22
Calculate the remainder when 328795 is divided by 82123.
303
What is the remainder when 3976815 is divided by 585?
570
Calculate the remainder when 51533 is divided by 100.
33
Calculate the remainder when 2646687496 is divided by 78.
76
Calculate the remainder when 8079995 is divided by 199.
197
Calculate the remainder when 825186 is divided by 1239.
12
What is the remainder when 20865003 is divided by 43834?
19
What is the remainder when 155804 is divided by 14160?
44
What is the remainder when 2148544 is divided by 143224?
184
What is the remainder when 327242 is divided by 109037?
131
What is the remainder when 30886563 is divided by 43?
7
Calculate the remainder when 46856023 is divided by 15618666.
25
What is the remainder when 7281785 is divided by 108?
101
What is the remainder when 400064757 is divided by 1380?
1377
What is the remainder when 23724 is divided by 7028?
2640
Calculate the remainder when 404127 is divided by 13470.
27
What is the remainder when 53453818 is divided by 469?
12
What is the remainder when 4913467 is divided by 145?
142
Calculate the remainder when 125092349 is divided by 4256.
4253
What is the remainder when 1850355 is divided by 6731?
6061
What is the remainder when 5705269 is divided by 22639?
241
Calculate the remainder when 1298908 is divided by 324724.
12
Calculate the remainder when 63629 is divided by 1296.
125
What is the remainder when 248009 is divided by 30265?
5889
Calculate the remainder when 4530720 is divided by 237.
228
Calculate the remainder when 329288247 is divided by 134.
131
What is the remainder when 564746 is divided by 188237?
35
What is the remainder when 623222 is divided by 2807?
68
What is the remainder when 4424156 is divided by 553016?
28
Calculate the remainder when 5082001 is divided by 350.
1
Calculate the remainder when 2566083 is divided by 213.
72
What is the remainder when 1691930 is divided by 6767?
180
Calculate the remainder when 96823 is divided by 4.
3
Calculate the remainder when 3503452 is divided by 215.
27
What is the remainder when 6715 is divided by 2950?
815
Calculate the remainder when 532375 is divided by 2096.
2087
What is the remainder when 251262 is divided by 1054?
410
What is the remainder when 480681 is divided by 96128?
41
What is the remainder when 56167057 is divided by 97852?
9
Calculate the remainder when 13167563 is divided by 170.
43
What is the remainder when 624156 is divided by 55?
16
Calculate the remainder when 2401427 is divided by 530.
527
Calculate the remainder when 5492735 is divided by 41.
6
What is the remainder when 2520193 is divided by 104947?
1465
What is the remainder when 17069 is divided by 16988?
81
Calculate the remainder when 4844644 is divided by 1031.
1006
What is the remainder when 314049 is divided by 11777?
7847
What is the remainder when 8869660 is divided by 4434820?
20
What is the remainder when 11900312 is divided by 2975035?
172
What is the remainder when 33424 is divided by 1432?
488
What is the remainder when 542754 is divided by 4595?
544
Calculate the remainder when 974182974 is divided by 1611.
1608
Calculate the remainder when 431386016 is divided by 1467.
1463
Calculate the remainder when 110236806 is divided by 771.
768
Calculate the remainder when 28813847 is divided by 50.
47
What is the remainder when 15576603 is divided by 17?
13
What is the remainder when 4373339 is divided by 506?
487
Calculate the remainder when 9999367 is divided by 222208.
7
What is the remainder when 1084458 is divided by 542227?
4
What is the remainder when 108862 is divided by 21024?
3742
What is the remainder when 9747446 is divided by 3500?
3446
Calculate the remainder when 157673 is divided by 579.
185
Calculate the remainder when 2863671 is divided by 220281.
18
Calculate the remainder when 129732 is divided by 1777.
11
What is the remainder when 900340 is divided by 128615?
35
What is the